 when u is divided by p?
4
Suppose -a - 109 = -4*a - o, -a + 39 = o. Suppose 946*j - 72 = 942*j. What is the remainder when a is divided by j?
17
Let v(b) = 13*b + 266. What is the remainder when v(-15) is divided by 19?
14
Let v = -2 + 16. Let l(w) = -10*w**3 + 2*w**2 + 4*w. Calculate the remainder when l(-2) is divided by v.
10
Suppose 0 = 4*l - 1089 + 153. What is the remainder when l is divided by 33?
3
Let b(o) = -o**3 + o**2 + o. Let p be b(2). Let m(n) be the first derivative of -2*n**2 - n + 4. What is the remainder when 11 is divided by m(p)?
4
Suppose 7*g = g + 12. Let h(n) = 40*n + 5. What is the remainder when h(g) is divided by 22?
19
Suppose 11*j + 276 = 8*j. Let l = j + 105. What is the remainder when 25 is divided by l?
12
Suppose 2*k + 3*y - 79 = -2*y, -k + 5*y = -32. What is the remainder when k is divided by 24?
13
Suppose 26432 = 47*v - 52011. Calculate the remainder when v is divided by 5.
4
Suppose -3*c - 9 = 3*k, 4*c = -3*k + 1 - 15. Suppose 6*r = 5*r - 3. Let f = r + 5. What is the remainder when k is divided by f?
0
Let c(z) = -z**2 + 9*z - 6. Let o be c(8). Calculate the remainder when 12/(o - 0) + 2 is divided by 2/8 + 44/16.
2
Let f(u) = u**3 - 4*u**2 - 3*u - 4. Suppose -2*o + 18 - 32 = 0. What is the remainder when o/((-70)/(-4))*-55 is divided by f(5)?
4
Suppose 0 = -5*i + 214 - 29. Suppose 21*k + 240 = -12*k + 45*k. What is the remainder when i is divided by k?
17
Suppose -29*p + 26*p + 3*b = -1038, -p + 5*b = -358. Calculate the remainder when p is divided by 40.
23
What is the remainder when 58 is divided by ((-4)/(-6))/(10/705)?
11
Suppose 5*b + x = 152, -x + 109 = 4*b + 4*x. Calculate the remainder when b is divided by 5.
1
Suppose 2*g = -2*y + 102, 4*g = 3*y + 42 + 183. Let s(u) = -u**3 - 5*u**2 + 3. Let h be s(-4). Let f = h - -27. What is the remainder when g is divided by f?
12
Let r(j) = 4*j + 7 - 15 + 4. What is the remainder when r(9) is divided by 9?
5
Let p = -17 + 29. Let b be (-1 - -28)/(4/p). What is the remainder when ((-4)/6)/((-2)/b) is divided by 14?
13
Suppose 4*w = 46 + 150. Suppose -5*i = -3*i + 6. Let o(c) = -6*c - 1. What is the remainder when w is divided by o(i)?
15
What is the remainder when 95 is divided by 9 + (-20)/(-5) + -6?
4
Let u = -209 + 220. Calculate the remainder when 910 is divided by u.
8
Let g be (51/(-34))/((-1)/(-6)*1). What is the remainder when 51 is divided by -54*((-33)/g - 4)?
15
Let v = -71 - -86. What is the remainder when 116 is divided by v?
11
Let c(y) = -3*y**2 + 39*y + 12. What is the remainder when 46 is divided by c(13)?
10
Let b = -468 - -483. Calculate the remainder when 159 is divided by b.
9
Let z(w) = -15*w + 1. Let q be -3 + (-2 - (-1 - -1)). Let f be z(q). Suppose -i = -5*j - 12, 4*i - f + 10 = 2*j. Calculate the remainder when i is divided by 6.
5
Suppose v = -9 - 3. Let f = 42 + v. Calculate the remainder when f is divided by 3.
0
Suppose 12*h = 15*h + 4*r - 67, 2*r = -h + 21. What is the remainder when 172 is divided by h?
22
Suppose -5*r = -q - 214, -3*r + 4*q = -0*q - 142. Calculate the remainder when r is divided by 2/((-9)/((-297)/6)).
9
Let l = 0 + 3. Suppose 3*p + 3*k = 21, -7*k + 6*k - 43 = -4*p. Calculate the remainder when p is divided by l.
1
Let v(o) = -3*o**3 - 7*o**2 - 3*o - 20. What is the remainder when 180 is divided by v(-3)?
5
Let l be (-23)/7 + (-6)/(-21). Suppose -40*t + 43*t = b - 5, -5*t = 5*b - 85. What is the remainder when -2*3/(l/20) is divided by b?
12
Calculate the remainder when (42 - 48)*47/(-2) is divided by 38.
27
Suppose -z + 7 = b - 0*b, 1 = 3*z - 2*b. Suppose 0 = z*p - 5*i + 8, 3*p + i = -2*p + 24. Calculate the remainder when 56 is divided by (-696)/36*(-6)/p.
27
Let j(s) = -s. Let a be j(-4). Suppose 0 = -u - d + 43, -2*d - 201 = -a*u - u. Calculate the remainder when u is divided by 22.
19
Let b = -121 + 139. Calculate the remainder when 29 is divided by b.
11
Suppose 2*d = 5*o - 964, 3*o - 3*d = 2*o + 198. Calculate the remainder when o is divided by 39.
36
Suppose -6*c + 870 = 4*c. What is the remainder when c is divided by 13?
9
Suppose 86*n - 76*n = 630. What is the remainder when 310 is divided by n?
58
Let w(c) = 9*c**3 - 2*c**2 + 3*c - 2. Let l be w(1). Calculate the remainder when ((-16)/12)/(l/(-684)) is divided by 29.
27
Suppose -5*q - 184 + 619 = 0. Let l = -5 + 3. Let g = 24 + l. Calculate the remainder when q is divided by g.
21
Suppose -76 - 334 = -5*u. Suppose 8 = -0*r + r. Suppose 5*i - k = 108, 3*i = r*i + 2*k - 99. Calculate the remainder when u is divided by i.
19
Suppose 0 = 4*c + 28 - 112. What is the remainder when (70/c)/(2/18) is divided by (-2 + 1)/(4/(-44))?
8
Suppose -28 = -2*d - x, -2*d = d + 3*x - 48. What is the remainder when 249 is divided by d?
9
Let m(s) = -s + 10. Let r be m(3). Let l(p) = p**3 - 6*p**2 - 2*p + 10. Let i(o) = 4*o**2 - 7*o + 1. What is the remainder when l(r) is divided by i(3)?
13
Suppose h + 4*h = 80. Let r = 4 + h. Calculate the remainder when 37 is divided by r.
17
Let f be 0/(12/(-3)) + 16. Suppose -5*b = 3*a - 62, 4*b + f = -4. Suppose -3*t = -142 - 116. Calculate the remainder when t is divided by a.
28
Suppose 5*y = -25, -5*w = -4*w + 7*y - 37. What is the remainder when 126 is divided by w?
54
Let f = 100 + -47. Suppose -3*a = -f - 25. Let v = -63 + 113. Calculate the remainder when v is divided by a.
24
Calculate the remainder when 61 is divided by 4/((-70)/(-49)*(-4)/(-30)).
19
Suppose -259 = -4*u - o, -u + 81 = -0*o - 3*o. Let j = -23 + 25. Suppose 93 = 5*n - j*x, -5*n - 5*x + 29 = -36. What is the remainder when u is divided by n?
15
Suppose -3*d - 170 = -194. What is the remainder when ((-135)/6)/(-3)*2 is divided by d?
7
What is the remainder when (-1646)/(-6) - (-7)/(-21) is divided by 69?
67
Let b(i) = -i**3 - 4*i**2 - 4. Let k be 1 - (77/(-28) - (-6)/8). Let q = 11 - k. Calculate the remainder when b(-5) is divided by q.
5
Suppose o = -o + 10. Suppose o + 27 = 4*t. Let p = t + 11. What is the remainder when p is divided by 5?
4
Let y(b) = b**2 + 7*b + 7. Let d(q) = q - 13. Let h be d(6). Let g(r) = -4*r + 1. Calculate the remainder when g(-6) is divided by y(h).
4
Suppose 6*t - 3*t - 6 = 0. Suppose 0 = 2*h - h - t. Suppose h*a + 0*a - 38 = 0. Calculate the remainder when a is divided by 10.
9
Suppose -2*o - 5*x + 502 = 0, 542 = 2*o + 3*x - 8*x. What is the remainder when o is divided by 33?
30
Let q = -37 + 11. Let u = q - -11. Let l = 29 + u. What is the remainder when l is divided by 5?
4
Let i = -77 + 124. What is the remainder when 90 is divided by i?
43
Let x = -3 - 13. Let y = 13 - x. Calculate the remainder when y is divided by 10.
9
Suppose 5*p = 42 + 143. Calculate the remainder when 69 is divided by p.
32
Let p(j) = 17*j**2 - 219*j - 19. What is the remainder when 23 is divided by p(13)?
2
Calculate the remainder when 211 is divided by 39 + 19 - (0 + 3 + 0).
46
Suppose 0 = 4*f - 4, 170 + 131 = -5*a + f. Let t be (-3*(-4)/6)/((-1)/(-46)). Let j = a + t. Calculate the remainder when j is divided by 11.
10
Let y(h) = h**2 + h - 1. Let x be y(-3). Suppose -x*u + u - 12 = 0. Let w = u + 15. What is the remainder when 23 is divided by w?
11
Let w be 0*4/(16 + 0). Suppose 2*l - h = 4*h + 8, w = -4*l - 3*h + 42. Calculate the remainder when 21 is divided by l.
3
Suppose 12 = 3*y, 0*q + y - 49 = -q. What is the remainder when 5*1 - (-2772)/22 is divided by q?
41
Suppose 15 = r + 1. Let y(a) be the first derivative of -a**4/4 - 2*a**3 + 5*a**2/2 + 11*a - 9. Calculate the remainder when y(-7) is divided by r.
11
Suppose 0*f - f - 3*i = -49, f - 65 = 5*i. What is the remainder when f is divided by (-86)/(-6) - 8/(-12)?
10
Suppose -12*s - 7 = -c - 8*s, -5*s = -4*c + 83. What is the remainder when c is divided by 18?
9
Let n = 237 - 122. Suppose 4*t - 29 = -5*d, -d = 20*t - 15*t + 11. What is the remainder when n is divided by d?
7
Let b = 125 + -78. Suppose 3*s = 2*s + b. Calculate the remainder when s is divided by 10.
7
Let k = 3 + -13. Let h = 125 - 47. Calculate the remainder when h is divided by 8/k*(-25)/1.
18
Calculate the remainder when (-1)/(2/(-4)) + 39 is divided by -13*(5/(-2)*2 + 4).
2
Suppose 57 = 5*x + 2. Let y(r) = -r**2 + 16*r - 9. Let n be y(x). Suppose m - n = -m. Calculate the remainder when m is divided by 6.
5
Suppose